*3 + 4*d**2. Suppose 6 = 2*g - 6. Calculate z(g).
-6
Let i(b) = -b**3 - 5*b**2 + 2*b - 1. Let o(p) = -p**2 + 3*p + 5. Let c be o(5). Calculate i(c).
-11
Let t(r) = -3*r**2 - 4*r + 33. Let o be t(3). Let v(p) be the second derivative of 1/12*p**4 - 2*p + 5/6*p**3 - 1/2*p**2 + 0. Determine v(o).
5
Let q(v) = -2*v + 1. Let h be q(-1). Let i(c) = -9 + 2*c + c**h + c - 10*c - 6*c**2. Let u be (14/4)/(10/20). Calculate i(u).
-9
Let n be ((-4)/10)/((-276)/230). Let v(c) be the second derivative of 1/20*c**5 + 2*c**2 + 0*c**3 + 0 - n*c**4 + 3*c. Determine v(3).
-5
Let o(m) be the first derivative of m**2/2 + 2*m + 11. Let n(g) = 2*g + 6. Let f(h) = 3*n(h) - 8*o(h). Calculate f(-4).
10
Suppose -8*j = 891 - 883. Let v(l) be the second derivative of 19*l**3/6 - l**2/2 - 2*l. What is v(j)?
-20
Let a be (-12)/3 + (-40)/(-96)*10. Let l(p) be the third derivative of -10*p**2 + 0 + 0*p + 1/12*p**4 - a*p**3 - 1/30*p**5. Calculate l(2).
-5
Let i(d) = 7*d**3 - 2*d**2 + 4*d. Let y(m) = -33*m**3 + 9*m**2 - 19*m + 1. Let c(s) = -14*i(s) - 3*y(s). Let g = 1 - 1. Determine c(g).
-3
Let p(w) be the third derivative of w**7/2520 + w**6/120 + w**5/60 - 4*w**2. Let c(a) be the third derivative of p(a). What is c(-6)?
-6
Let w(m) = 0*m**3 - m**3 - 7 + 6*m**2 + 0*m**3 + m**2 - 4*m. Let n be 15*(0 + (-20)/(-50)). Calculate w(n).
5
Let k(v) = -v**3 - 2*v**2 + 2*v + 3. Let n = 31 + -15. Let j = 20 - n. Suppose 5*q + o = -0*o - 14, -2*o + 14 = -j*q. What is k(q)?
6
Suppose 6 - 16 = -2*o. Suppose 0*s - 3*w + 33 = 5*s, -o*w + 16 = 4*s. Let t(v) = -2*v + 13. Give t(s).
-5
Let r(t) = t - 5. Suppose -4*w + 15 = -5. Suppose 5*s = y + 13, 3*s = w + 7. Determine r(y).
2
Let u(b) be the second derivative of b**5/20 - b**4/4 + b**3/2 - b**2/2 - 9*b. Let a = 342 + -340. What is u(a)?
1
Let l(h) = h. Suppose -6*k - 2*k = -k. Suppose k = -4*f + 4, 2*f - 53 = -5*t - f. What is l(t)?
10
Let f = -72 + 39. Let p = -37 - f. Let m(b) = b**3 + 3*b**2 - 3*b + 4. Calculate m(p).
0
Let y = -2 + 2. Let x(b) be the first derivative of -b**4/24 - b**3 + 2*b**2 + 5. Let s(n) be the second derivative of x(n). Give s(y).
-6
Let p(d) = 2*d**2 - 5*d + 7. Let n be (15/(-9))/((-9)/27). Calculate p(n).
32
Let g(a) = -4*a - 1. Let r be ((-6)/5 - 0)*-5. Let i(z) be the third derivative of -z**4/8 - z**3/3 - z**2. Let o(b) = r*i(b) - 4*g(b). Calculate o(-6).
4
Let t(n) = -n**3 - 7*n**2 + 10*n + 9. Suppose -4*w + 12*d = 7*d + 12, -3*w - 4*d - 40 = 0. What is t(w)?
-7
Let g(z) be the third derivative of -z**6/720 - z**5/10 + z**4/12 - 19*z**2. Let i(y) be the second derivative of g(y). Calculate i(-8).
-4
Let a(l) = -29*l - 370. Let b be a(-13). Let m(s) = s**3 - 7*s**2 + 2*s - 5. Calculate m(b).
9
Suppose 14 = -19*g + 52. Let o(d) = -d + 1. What is o(g)?
-1
Let j(y) = -2*y**3 + y + 1. Let x be j(-1). Let h(m) = -m**x + 5*m + 2*m + 3*m**2 - 10*m. Determine h(3).
9
Let k = -712 + 711. Let n(p) = 16*p**2 + p + 2. What is n(k)?
17
Let b(n) be the second derivative of 1/3*n**3 - 2*n + 0 + 1/2*n**2. Let f = -1821 + 1816. Calculate b(f).
-9
Let m(u) = u**2 - 1046*u + 0 + 1 + 1043*u. Give m(-2).
11
Suppose 0 = 22*x - 20*x + 2*l - 18, -l - 56 = -4*x. Let g(k) = -k**3 + 14*k**2 - 14*k + 15. What is g(x)?
2
Let w(f) be the first derivative of -f**2/2 - 2*f - 159. Calculate w(1).
-3
Let a(w) be the second derivative of -w**4/12 + w**2 + w. Let p = -82 - -95. Suppose 19 - 13 = 3*x + 3*y, 4*x - p = y. What is a(x)?
-7
Let p = 5 + -4. Let l(z) be the third derivative of 0*z**5 + 7/120*z**6 + 0*z + 0 + 3*z**2 - 1/6*z**3 + 0*z**4. What is l(p)?
6
Let h be 18 - ((-3)/1 - -8). Let q(n) = n**2 - 11*n - 19. Give q(h).
7
Let v(b) = 8*b + 4. Let c(y) = -23*y - 10. Let u(i) = -6*c(i) - 17*v(i). Calculate u(0).
-8
Let v = -86 + 94. Let w(z) = 2*z + 1. What is w(v)?
17
Let a(u) be the second derivative of 1/2*u**2 + 0 - 36*u - 5/6*u**4 + 0*u**3. Let w(k) = k**2 + 3*k - 1. Let h be w(-3). Determine a(h).
-9
Let i(z) = 2*z**2 + 6*z - 3. Suppose -4*l = 3*v - 1, -3*l + 25 = 13. What is i(v)?
17
Let y(l) = l**2 + 14*l + 10. Let f be y(-14). Let w(b) = -17*b - 1 + f*b + 8*b. Calculate w(-4).
-5
Let x be 714/98 + 5/(70/(-4)). Let t(d) = -d**2 + 4*d + 13. Calculate t(x).
-8
Let l(d) = -33*d**2 + 52 - 5*d + 24*d**2 + 8*d**2. Determine l(-10).
2
Let r = 0 - 1. Let a(w) = 170*w + 320. Let m(n) = 13*n + 24. Let s(z) = 3*a(z) - 40*m(z). Determine s(r).
10
Suppose -45 + 33 = 2*y. Let f(g) = g + 1. Determine f(y).
-5
Let m(t) = 21 + 2*t + 15 - 36. Calculate m(3).
6
Let m(u) = -4*u - 156. Let z be m(-42). Let g(t) = t - 4. What is g(z)?
8
Let g be (0 - 0)*2*2/4. Suppose g = 31*p - 30*p + 6. Let l(m) be the first derivative of -m**4/4 - 5*m**3/3 + 3*m**2 + m + 1. Give l(p).
1
Let j(u) = -u**2 - 16*u - 63. Let d be j(-11). Let i(w) = w**3 + 9*w**2 + 6*w + 5. Give i(d).
21
Let h(b) = -2*b - 2. Suppose 0 = -4*m + 2*q - 14, -5*q - 13 = 6*m - 4*m. Let c be (-3)/(m - (-340)/88). Suppose c = -5*y - 4*z, 2 - 16 = 2*y - z. What is h(y)?
10
Let l(f) = -f**2 - 5*f + 3. Let k(v) be the second derivative of v**4/12 - v**3 + 2*v**2 + 34*v. Let r be k(4). What is l(r)?
7
Let t be (-13 + 9)*1/(-2)*-1. Let s(l) = l**3 + 5*l**2 + 3*l - 2. Let z be s(-4). Let p(c) = -2 - c + z. What is p(t)?
2
Let r(y) = -y**3 - 2*y**2 - 2*y - 2*y**2 + 6 + 0*y**2 - 4. Give r(-3).
-1
Let m(r) = -r - 4. Suppose -3*a - 36 = -3*s, 4*s - a - 28 = 5. Let w = 11 - s. Determine m(w).
-8
Suppose 3 = -5*o + 3*j, -2*j - 7 = -3*o + 2*j. Let f(x) be the third derivative of 1/60*x**5 + 0*x + 0 + 0*x**3 + 1/4*x**4 + 2*x**2. What is f(o)?
-9
Let o(u) = u**3 - 7*u**2 + 5*u + 7. Let x(m) = m**3 - 2*m**2 - 6*m - 6. Let s be x(4). Suppose 16 = 2*j + s*t, 6 = -2*t + 5*t. What is o(j)?
1
Let s(j) = -j**2 - 5*j + 1. Suppose 4*y - 1 = -5*k + 2, 3*k = 5*y - 13. Let m be 4/3*(k - -4). Let r be (-285)/55 + m/22. What is s(r)?
1
Let d(y) = 13 + 4*y**2 + 8*y**3 - 5*y**2 - 9*y**3 - 6*y + 6*y**2. Calculate d(4).
5
Let y(p) = -11240*p**2 - 7 + 11238*p**2 + 8*p - 20*p. Calculate y(-5).
3
Let f(p) = 5*p + 0*p - 3*p - 2. Suppose -48*j = 92 + 100. Give f(j).
-10
Let i(f) = f**3 + 4*f**2. Let t be i(-4). Let g be 2/((t - -3) + -1). Let v(y) = -y**3 + y**2 - y. Calculate v(g).
-1
Suppose -7*c + 8 = -62. Let v(p) = -p**2 + 11*p - 16. Let h be v(c). Let r(t) = -2*t - 3. Calculate r(h).
9
Let i = -25 + 27. Let m(b) = -4*b**i + 4 + 3*b**2 + b + 3*b. Suppose -u + 5 = -5*p + 27, -5*p - 5*u = -10. What is m(p)?
4
Let y(o) = -10*o**2 + 4*o**3 + 7 + 8*o - 3*o**3 + 0*o**3. Let v be y(9). Let m be (v/3)/(4/(-18)). Let d(n) = n**2. Give d(m).
9
Let g(w) = w**3 + 3*w**2 + w + 12. Let s(n) = -n**3 + 18*n**2 + 18*n + 15. Let m be s(19). Calculate g(m).
-8
Suppose 3*o + t + 4*t - 28 = 0, 3*o = 2*t + 14. Suppose s - 18 = -3*b, 3*s + o = b - 0*s. Let u(h) = h**3 - 6*h**2 - h. Calculate u(b).
-6
Let g(n) be the third derivative of -n**8/6720 - n**7/2520 + n**5/30 - 5*n**4/24 + 10*n**2. Let a(u) be the second derivative of g(u). Determine a(0).
4
Let t(u) = 7*u + 1 + 3 - 8*u. Suppose -4*r = -k - 12, 3*k = 5*r - 9 - 6. Calculate t(r).
1
Let y(a) be the third derivative of -a**6/120 - a**5/60 - a**4/12 - a**3/3 - 157*a**2. Give y(-1).
0
Let g(j) = 70*j + 422. Let t be g(-6). Let c(m) = -2*m**2 - 6*m + 7*m + m**3 + 3*m**2. What is c(t)?
14
Suppose -30 = -5*s - 10. Suppose -4*w = -2*j - 20, -s*w + 20 = -0*j + j. Let v(y) be the third derivative of y**6/120 + y**3/3 + 16*y**2. Calculate v(j).
2
Suppose 0 = -12*j + 20*j - 16. Let o(h) = -h - 4. What is o(j)?
-6
Let o = -125 - -125. Let v(a) = 7*a**2 - 6*a + 4. Let f(z) = -z**2 + z. Let p(i) = 6*f(i) + v(i). What is p(o)?
4
Let f(y) = y**2 - 8*y - 3. Let l be 4/(-16)*2*-10. Suppose h - 48 = -5*t + l*h, 2*t + 5*h - 39 = 0. Suppose -2*i + t = -0. What is f(i)?
-15
Let o = 15 + -9. Let p(k) be the first derivative of k**6/360 - 7*k**5/120 + 13*k**3/3 + 6. Let c(h) be the third derivative of p(h). Give c(o).
-6
Suppose 11 = -4*z + 5*q - 25, -z + 4*q - 20 = 0. Let b(g) = -g**3 - 7*g**2 - 3*g + 3. Give b(z).
-33
Let t(r) = -r**3 - 2*r**2 + r + 3. Let j(a) = 5*a**3 + 8*a**2 - 5*a - 14. Let m(g) = 2*j(g) + 9*t(g). Let h = -5 - -3. Determine m(h).
-15
Let z(b) be the second derivative of -b**3/6 + 13*b**2/2 - 4*b - 34. Determine z(14).
-1
Let f(d) be the first derivative of 2*d**2 + 1 - 1/3*d**3 + 7*d. Let k(